{"id":89,"date":"2015-10-21T06:58:19","date_gmt":"2015-10-21T06:58:19","guid":{"rendered":"http:\/\/ppg-foerderverein.de\/?page_id=89"},"modified":"2023-10-06T09:14:46","modified_gmt":"2023-10-06T09:14:46","slug":"formulare","status":"publish","type":"page","link":"http:\/\/ppg-foerderverein.de\/?page_id=89","title":{"rendered":"Formulare des F\u00f6rdervereins"},"content":{"rendered":"<p>&nbsp;<\/p>\n<p>Auf dieser Seite finden Sie die aktuellen Formulare unseres Vereins.<\/p>\n<p>&nbsp;<\/p>\n<p>Mitgliedsantrag :<br \/>\n<a href=\"http:\/\/ppg-foerderverein.de\/wp-content\/uploads\/2023\/10\/SEPA_Beitrittserklaerung2023_JGG.docx\">SEPA_Beitrittserkl\u00e4rung2023_JGG<\/a><\/p>\n<p>Mitgliedsantrag f\u00fcr Abiturienten :<br \/>\n<a href=\"http:\/\/ppg-foerderverein.de\/wp-content\/uploads\/2023\/10\/SEPA_BeitrittserklaerungABI_2023_JGG.docx\">SEPA_Beitrittserkl\u00e4rungABI_2023_JGG<\/a><\/p>\n<p>Antrag auf Zuschuss aus Mitgliedsbeitr\u00e4gen :<br \/>\n<a href=\"http:\/\/ppg-foerderverein.de\/wp-content\/uploads\/2023\/10\/Antrag-auf-Zuschuss-aus-Mitgliedsbeitraegen23.docx\">Antrag auf Zuschuss aus Mitgliedsbeitr\u00e4gen23<\/a><\/p>\n","protected":false},"excerpt":{"rendered":"<p>&nbsp; Auf dieser Seite finden Sie die aktuellen Formulare unseres Vereins. &nbsp; Mitgliedsantrag : SEPA_Beitrittserkl\u00e4rung2023_JGG Mitgliedsantrag f\u00fcr Abiturienten : SEPA_Beitrittserkl\u00e4rungABI_2023_JGG Antrag auf Zuschuss aus Mitgliedsbeitr\u00e4gen : Antrag auf Zuschuss aus Mitgliedsbeitr\u00e4gen23<\/p>\n","protected":false},"author":2,"featured_media":0,"parent":1297,"menu_order":5,"comment_status":"closed","ping_status":"closed","template":"page-templates\/front-page.php","meta":{"footnotes":""},"class_list":["post-89","page","type-page","status-publish","hentry"],"_links":{"self":[{"href":"http:\/\/ppg-foerderverein.de\/index.php?rest_route=\/wp\/v2\/pages\/89","targetHints":{"allow":["GET"]}}],"collection":[{"href":"http:\/\/ppg-foerderverein.de\/index.php?rest_route=\/wp\/v2\/pages"}],"about":[{"href":"http:\/\/ppg-foerderverein.de\/index.php?rest_route=\/wp\/v2\/types\/page"}],"author":[{"embeddable":true,"href":"http:\/\/ppg-foerderverein.de\/index.php?rest_route=\/wp\/v2\/users\/2"}],"replies":[{"embeddable":true,"href":"http:\/\/ppg-foerderverein.de\/index.php?rest_route=%2Fwp%2Fv2%2Fcomments&post=89"}],"version-history":[{"count":21,"href":"http:\/\/ppg-foerderverein.de\/index.php?rest_route=\/wp\/v2\/pages\/89\/revisions"}],"predecessor-version":[{"id":4233,"href":"http:\/\/ppg-foerderverein.de\/index.php?rest_route=\/wp\/v2\/pages\/89\/revisions\/4233"}],"up":[{"embeddable":true,"href":"http:\/\/ppg-foerderverein.de\/index.php?rest_route=\/wp\/v2\/pages\/1297"}],"wp:attachment":[{"href":"http:\/\/ppg-foerderverein.de\/index.php?rest_route=%2Fwp%2Fv2%2Fmedia&parent=89"}],"curies":[{"name":"wp","href":"https:\/\/api.w.org\/{rel}","templated":true}]}}