{"id":438,"date":"2017-11-05T20:02:40","date_gmt":"2017-11-05T20:02:40","guid":{"rendered":"http:\/\/ppg-foerderverein.de\/?page_id=438"},"modified":"2018-05-23T17:57:51","modified_gmt":"2018-05-23T17:57:51","slug":"archiv-bildergalerie","status":"publish","type":"page","link":"http:\/\/ppg-foerderverein.de\/?page_id=438","title":{"rendered":"Archiv Bildergalerie"},"content":{"rendered":"<p><em>Die folgenden Seiten geben Einblicke in die Aktivit\u00e4ten des F\u00f6rdervereins &#8211; von den Anf\u00e4ngen bis heute.<br \/>\n<\/em><\/p>\n<p>Die verwendeten Bilder stammen aus unseren und privaten Archiven. Leider k\u00f6nnen nicht alle davon zur\u00fcckverfolgt werden. Sollte jemand Einw\u00e4nde zur Verwendung haben, bitten wir die Personen, uns zu kontaktieren.<\/p>\n<p>&nbsp;<\/p>\n","protected":false},"excerpt":{"rendered":"<p>Die folgenden Seiten geben Einblicke in die Aktivit\u00e4ten des F\u00f6rdervereins &#8211; von den Anf\u00e4ngen bis heute. Die verwendeten Bilder stammen aus unseren und privaten Archiven. Leider k\u00f6nnen nicht alle davon zur\u00fcckverfolgt werden. Sollte jemand Einw\u00e4nde zur Verwendung haben, bitten wir die Personen, uns zu kontaktieren. &nbsp;<\/p>\n","protected":false},"author":3,"featured_media":0,"parent":0,"menu_order":9,"comment_status":"closed","ping_status":"closed","template":"page-templates\/front-page.php","meta":{"footnotes":""},"class_list":["post-438","page","type-page","status-publish","hentry"],"_links":{"self":[{"href":"http:\/\/ppg-foerderverein.de\/index.php?rest_route=\/wp\/v2\/pages\/438","targetHints":{"allow":["GET"]}}],"collection":[{"href":"http:\/\/ppg-foerderverein.de\/index.php?rest_route=\/wp\/v2\/pages"}],"about":[{"href":"http:\/\/ppg-foerderverein.de\/index.php?rest_route=\/wp\/v2\/types\/page"}],"author":[{"embeddable":true,"href":"http:\/\/ppg-foerderverein.de\/index.php?rest_route=\/wp\/v2\/users\/3"}],"replies":[{"embeddable":true,"href":"http:\/\/ppg-foerderverein.de\/index.php?rest_route=%2Fwp%2Fv2%2Fcomments&post=438"}],"version-history":[{"count":77,"href":"http:\/\/ppg-foerderverein.de\/index.php?rest_route=\/wp\/v2\/pages\/438\/revisions"}],"predecessor-version":[{"id":2550,"href":"http:\/\/ppg-foerderverein.de\/index.php?rest_route=\/wp\/v2\/pages\/438\/revisions\/2550"}],"wp:attachment":[{"href":"http:\/\/ppg-foerderverein.de\/index.php?rest_route=%2Fwp%2Fv2%2Fmedia&parent=438"}],"curies":[{"name":"wp","href":"https:\/\/api.w.org\/{rel}","templated":true}]}}