{"id":4201,"date":"2023-01-03T19:15:57","date_gmt":"2023-01-03T19:15:57","guid":{"rendered":"http:\/\/ppg-foerderverein.de\/?page_id=4201"},"modified":"2023-07-29T19:38:51","modified_gmt":"2023-07-29T19:38:51","slug":"2023-2024","status":"publish","type":"page","link":"http:\/\/ppg-foerderverein.de\/?page_id=4201","title":{"rendered":"2023 &#8211; 2025"},"content":{"rendered":"<h2><span style=\"color: #0000ff;\">2023<\/span><\/h2>\n<p>Das Schuljahr startet ohne Corona-Einschr\u00e4nkungen. Das Orchester f\u00e4hrt zu den Probentagen, um f\u00fcr das Weihnachtskonzert zu \u00fcben. Erstmalig findet ein Adventsmarkt auf dem Schulgel\u00e4nde statt.<\/p>\n<p><a href=\"http:\/\/ppg-foerderverein.de\/wp-content\/uploads\/2022\/12\/IMG_0333-scaled.jpg\"><img loading=\"lazy\" decoding=\"async\" class=\"alignnone size-medium wp-image-4200\" src=\"http:\/\/ppg-foerderverein.de\/wp-content\/uploads\/2022\/12\/IMG_0333-300x200.jpg\" alt=\"\" width=\"300\" height=\"200\" srcset=\"http:\/\/ppg-foerderverein.de\/wp-content\/uploads\/2022\/12\/IMG_0333-300x200.jpg 300w, http:\/\/ppg-foerderverein.de\/wp-content\/uploads\/2022\/12\/IMG_0333-1024x683.jpg 1024w, http:\/\/ppg-foerderverein.de\/wp-content\/uploads\/2022\/12\/IMG_0333-768x512.jpg 768w, http:\/\/ppg-foerderverein.de\/wp-content\/uploads\/2022\/12\/IMG_0333-1536x1024.jpg 1536w, http:\/\/ppg-foerderverein.de\/wp-content\/uploads\/2022\/12\/IMG_0333-2048x1365.jpg 2048w, http:\/\/ppg-foerderverein.de\/wp-content\/uploads\/2022\/12\/IMG_0333-624x416.jpg 624w\" sizes=\"auto, (max-width: 300px) 100vw, 300px\" \/><\/a> <a href=\"http:\/\/ppg-foerderverein.de\/wp-content\/uploads\/2022\/12\/IMG_0331-scaled.jpg\"><img loading=\"lazy\" decoding=\"async\" class=\"alignnone size-medium wp-image-4199\" src=\"http:\/\/ppg-foerderverein.de\/wp-content\/uploads\/2022\/12\/IMG_0331-300x200.jpg\" alt=\"\" width=\"300\" height=\"200\" srcset=\"http:\/\/ppg-foerderverein.de\/wp-content\/uploads\/2022\/12\/IMG_0331-300x200.jpg 300w, http:\/\/ppg-foerderverein.de\/wp-content\/uploads\/2022\/12\/IMG_0331-1024x683.jpg 1024w, http:\/\/ppg-foerderverein.de\/wp-content\/uploads\/2022\/12\/IMG_0331-768x512.jpg 768w, http:\/\/ppg-foerderverein.de\/wp-content\/uploads\/2022\/12\/IMG_0331-1536x1024.jpg 1536w, http:\/\/ppg-foerderverein.de\/wp-content\/uploads\/2022\/12\/IMG_0331-2048x1365.jpg 2048w, http:\/\/ppg-foerderverein.de\/wp-content\/uploads\/2022\/12\/IMG_0331-624x416.jpg 624w\" sizes=\"auto, (max-width: 300px) 100vw, 300px\" \/><\/a> <a href=\"http:\/\/ppg-foerderverein.de\/wp-content\/uploads\/2022\/12\/IMG_0329-scaled.jpg\"><img loading=\"lazy\" decoding=\"async\" class=\"alignnone size-medium wp-image-4198\" src=\"http:\/\/ppg-foerderverein.de\/wp-content\/uploads\/2022\/12\/IMG_0329-300x200.jpg\" alt=\"\" width=\"300\" height=\"200\" srcset=\"http:\/\/ppg-foerderverein.de\/wp-content\/uploads\/2022\/12\/IMG_0329-300x200.jpg 300w, http:\/\/ppg-foerderverein.de\/wp-content\/uploads\/2022\/12\/IMG_0329-1024x683.jpg 1024w, http:\/\/ppg-foerderverein.de\/wp-content\/uploads\/2022\/12\/IMG_0329-768x512.jpg 768w, http:\/\/ppg-foerderverein.de\/wp-content\/uploads\/2022\/12\/IMG_0329-1536x1024.jpg 1536w, http:\/\/ppg-foerderverein.de\/wp-content\/uploads\/2022\/12\/IMG_0329-2048x1365.jpg 2048w, http:\/\/ppg-foerderverein.de\/wp-content\/uploads\/2022\/12\/IMG_0329-624x416.jpg 624w\" sizes=\"auto, (max-width: 300px) 100vw, 300px\" \/><\/a><\/p>\n<p>Alle w\u00e4hrend Corona ausgefallenen oder abgespeckten Veranstaltungen finden wieder statt, so der Tag der offenen T\u00fcr, das Sommerkonzert, der Abiball und das Sommerfest.<\/p>\n<p>Damit geht ein doch recht normales Schuljahr zu Ende.<\/p>\n","protected":false},"excerpt":{"rendered":"<p>2023 Das Schuljahr startet ohne Corona-Einschr\u00e4nkungen. Das Orchester f\u00e4hrt zu den Probentagen, um f\u00fcr das Weihnachtskonzert zu \u00fcben. Erstmalig findet ein Adventsmarkt auf dem Schulgel\u00e4nde statt. Alle w\u00e4hrend Corona ausgefallenen oder abgespeckten Veranstaltungen finden wieder statt, so der Tag der offenen T\u00fcr, das Sommerkonzert, der Abiball und das Sommerfest. Damit geht ein doch recht normales [&hellip;]<\/p>\n","protected":false},"author":5,"featured_media":0,"parent":14,"menu_order":0,"comment_status":"closed","ping_status":"closed","template":"page-templates\/full-width.php","meta":{"footnotes":""},"class_list":["post-4201","page","type-page","status-publish","hentry"],"_links":{"self":[{"href":"http:\/\/ppg-foerderverein.de\/index.php?rest_route=\/wp\/v2\/pages\/4201","targetHints":{"allow":["GET"]}}],"collection":[{"href":"http:\/\/ppg-foerderverein.de\/index.php?rest_route=\/wp\/v2\/pages"}],"about":[{"href":"http:\/\/ppg-foerderverein.de\/index.php?rest_route=\/wp\/v2\/types\/page"}],"author":[{"embeddable":true,"href":"http:\/\/ppg-foerderverein.de\/index.php?rest_route=\/wp\/v2\/users\/5"}],"replies":[{"embeddable":true,"href":"http:\/\/ppg-foerderverein.de\/index.php?rest_route=%2Fwp%2Fv2%2Fcomments&post=4201"}],"version-history":[{"count":5,"href":"http:\/\/ppg-foerderverein.de\/index.php?rest_route=\/wp\/v2\/pages\/4201\/revisions"}],"predecessor-version":[{"id":4215,"href":"http:\/\/ppg-foerderverein.de\/index.php?rest_route=\/wp\/v2\/pages\/4201\/revisions\/4215"}],"up":[{"embeddable":true,"href":"http:\/\/ppg-foerderverein.de\/index.php?rest_route=\/wp\/v2\/pages\/14"}],"wp:attachment":[{"href":"http:\/\/ppg-foerderverein.de\/index.php?rest_route=%2Fwp%2Fv2%2Fmedia&parent=4201"}],"curies":[{"name":"wp","href":"https:\/\/api.w.org\/{rel}","templated":true}]}}

<h2><span style="color: #0000ff;">2023</span></h2>
<p>Das Schuljahr startet ohne Corona-Einschränkungen. Das Orchester fährt zu den Probentagen, um für das Weihnachtskonzert zu üben. Erstmalig findet ein Adventsmarkt auf dem Schulgelände statt.</p>
<p><a href="http://ppg-foerderverein.de/wp-content/uploads/2022/12/IMG_0333-scaled.jpg"><img loading="lazy" decoding="async" class="alignnone size-medium wp-image-4200" src="http://ppg-foerderverein.de/wp-content/uploads/2022/12/IMG_0333-300x200.jpg" alt="" width="300" height="200" srcset="http://ppg-foerderverein.de/wp-content/uploads/2022/12/IMG_0333-300x200.jpg 300w, http://ppg-foerderverein.de/wp-content/uploads/2022/12/IMG_0333-1024x683.jpg 1024w, http://ppg-foerderverein.de/wp-content/uploads/2022/12/IMG_0333-768x512.jpg 768w, http://ppg-foerderverein.de/wp-content/uploads/2022/12/IMG_0333-1536x1024.jpg 1536w, http://ppg-foerderverein.de/wp-content/uploads/2022/12/IMG_0333-2048x1365.jpg 2048w, http://ppg-foerderverein.de/wp-content/uploads/2022/12/IMG_0333-624x416.jpg 624w" sizes="auto, (max-width: 300px) 100vw, 300px" /></a> <a href="http://ppg-foerderverein.de/wp-content/uploads/2022/12/IMG_0331-scaled.jpg"><img loading="lazy" decoding="async" class="alignnone size-medium wp-image-4199" src="http://ppg-foerderverein.de/wp-content/uploads/2022/12/IMG_0331-300x200.jpg" alt="" width="300" height="200" srcset="http://ppg-foerderverein.de/wp-content/uploads/2022/12/IMG_0331-300x200.jpg 300w, http://ppg-foerderverein.de/wp-content/uploads/2022/12/IMG_0331-1024x683.jpg 1024w, http://ppg-foerderverein.de/wp-content/uploads/2022/12/IMG_0331-768x512.jpg 768w, http://ppg-foerderverein.de/wp-content/uploads/2022/12/IMG_0331-1536x1024.jpg 1536w, http://ppg-foerderverein.de/wp-content/uploads/2022/12/IMG_0331-2048x1365.jpg 2048w, http://ppg-foerderverein.de/wp-content/uploads/2022/12/IMG_0331-624x416.jpg 624w" sizes="auto, (max-width: 300px) 100vw, 300px" /></a> <a href="http://ppg-foerderverein.de/wp-content/uploads/2022/12/IMG_0329-scaled.jpg"><img loading="lazy" decoding="async" class="alignnone size-medium wp-image-4198" src="http://ppg-foerderverein.de/wp-content/uploads/2022/12/IMG_0329-300x200.jpg" alt="" width="300" height="200" srcset="http://ppg-foerderverein.de/wp-content/uploads/2022/12/IMG_0329-300x200.jpg 300w, http://ppg-foerderverein.de/wp-content/uploads/2022/12/IMG_0329-1024x683.jpg 1024w, http://ppg-foerderverein.de/wp-content/uploads/2022/12/IMG_0329-768x512.jpg 768w, http://ppg-foerderverein.de/wp-content/uploads/2022/12/IMG_0329-1536x1024.jpg 1536w, http://ppg-foerderverein.de/wp-content/uploads/2022/12/IMG_0329-2048x1365.jpg 2048w, http://ppg-foerderverein.de/wp-content/uploads/2022/12/IMG_0329-624x416.jpg 624w" sizes="auto, (max-width: 300px) 100vw, 300px" /></a></p>
<p>Alle während Corona ausgefallenen oder abgespeckten Veranstaltungen finden wieder statt, so der Tag der offenen Tür, das Sommerkonzert, der Abiball und das Sommerfest.</p>
<p>Damit geht ein doch recht normales Schuljahr zu Ende.</p>

<p>2023 Das Schuljahr startet ohne Corona-Einschränkungen. Das Orchester fährt zu den Probentagen, um für das Weihnachtskonzert zu üben. Erstmalig findet ein Adventsmarkt auf dem Schulgelände statt. Alle während Corona ausgefallenen oder abgespeckten Veranstaltungen finden wieder statt, so der Tag der offenen Tür, das Sommerkonzert, der Abiball und das Sommerfest. Damit geht ein doch recht normales [&hellip;]</p>
