{"id":1777,"date":"2018-03-23T16:01:04","date_gmt":"2018-03-23T16:01:04","guid":{"rendered":"http:\/\/ppg-foerderverein.de\/?page_id=1777"},"modified":"2018-07-15T07:30:06","modified_gmt":"2018-07-15T07:30:06","slug":"instrumentallehrer-stellen-sich-vor","status":"publish","type":"page","link":"http:\/\/ppg-foerderverein.de\/?page_id=1777","title":{"rendered":"Instrumentallehrer stellen sich vor"},"content":{"rendered":"<h1><\/h1>\n<h1>Mark Beers<\/h1>\n<h3>Kontrabass<\/h3>\n<p><a href=\"http:\/\/ppg-foerderverein.de\/wp-content\/uploads\/2018\/03\/Mark-Beers.jpg\"><img loading=\"lazy\" decoding=\"async\" class=\" wp-image-1781 alignleft\" src=\"http:\/\/ppg-foerderverein.de\/wp-content\/uploads\/2018\/03\/Mark-Beers-237x300.jpg\" alt=\"\" width=\"253\" height=\"320\" srcset=\"http:\/\/ppg-foerderverein.de\/wp-content\/uploads\/2018\/03\/Mark-Beers-237x300.jpg 237w, http:\/\/ppg-foerderverein.de\/wp-content\/uploads\/2018\/03\/Mark-Beers-624x790.jpg 624w, http:\/\/ppg-foerderverein.de\/wp-content\/uploads\/2018\/03\/Mark-Beers.jpg 687w\" sizes=\"auto, (max-width: 253px) 100vw, 253px\" \/><\/a>Unterrichtet seit 2011 an der Musikschule des JGG.<\/p>\n<p>Jahrgang 1962, geboren in San Diego, Kalifornien (USA)<\/p>\n<p><strong>Ausbildung<\/strong><\/p>\n<ul>\n<li>Bachelor of Arts an der San Diego State University<\/li>\n<li>Bachelor of Arts an der Universit\u00e4t Heidelberg mit den Hauptf\u00e4chern Kontrabass und Deutsch als Fremdsprache<\/li>\n<\/ul>\n<p><strong>Weitere Lehrt\u00e4tigkeiten<\/strong><\/p>\n<ul>\n<li>St\u00e4dtische Musikschule Mannheim<\/li>\n<\/ul>\n<p><strong>Sonstiges<\/strong><\/p>\n<ul>\n<li>Regionale und \u00fcberregionale T\u00e4tigkeit als Kontrabassist in verschiedenen f\u00fchrenden Theatern und Sinfonieorchestern<\/li>\n<\/ul>\n<h1><\/h1>\n<h1><strong>Moritz Fentner<\/strong><\/h1>\n<h3>Geige und Bratsche<\/h3>\n<p><a href=\"http:\/\/ppg-foerderverein.de\/wp-content\/uploads\/2018\/03\/M.Fentner1-1024x682.jpg\"><img loading=\"lazy\" decoding=\"async\" class=\" wp-image-1779 alignleft\" src=\"http:\/\/ppg-foerderverein.de\/wp-content\/uploads\/2018\/03\/M.Fentner1-1024x682-300x200.jpg\" alt=\"\" width=\"350\" height=\"234\" srcset=\"http:\/\/ppg-foerderverein.de\/wp-content\/uploads\/2018\/03\/M.Fentner1-1024x682-300x200.jpg 300w, http:\/\/ppg-foerderverein.de\/wp-content\/uploads\/2018\/03\/M.Fentner1-1024x682-768x512.jpg 768w, http:\/\/ppg-foerderverein.de\/wp-content\/uploads\/2018\/03\/M.Fentner1-1024x682.jpg 1024w, http:\/\/ppg-foerderverein.de\/wp-content\/uploads\/2018\/03\/M.Fentner1-1024x682-624x416.jpg 624w\" sizes=\"auto, (max-width: 350px) 100vw, 350px\" \/><\/a>Unterrichtet seit 2012 an der Musikschule des JGG<\/p>\n<p>Jahrgang 1985, geboren in Rostock<\/p>\n<p><strong>Ausbildung<\/strong><\/p>\n<ul>\n<li>K\u00fcnstlerische Ausbildung in Rostock, Berlin und Mannheim<\/li>\n<li>Aufbaustudiengang in Instrumentalp\u00e4dagogik f\u00fcr Violine\/Viola an der Musikhochschule Mannheim<\/li>\n<li>diverse Meisterkurse und Meisterklassen<\/li>\n<\/ul>\n<p><strong>Weitere Lehrt\u00e4tigkeiten<\/strong><\/p>\n<ul>\n<li>Betreuung und Instrumentalunterricht in 3 weiteren Streicherklassen in Rheinland-Pfalz<\/li>\n<li>Einzelunterricht ab einem Alter von 4 Jahren<\/li>\n<li>Unterricht f\u00fcr Mitglieder des Landesjugendorchesters Rheinland-Pfalz<\/li>\n<li>Dozentent\u00e4tigkeit an der Musikakademie Germersheim<\/li>\n<\/ul>\n<p><strong>Sonstiges<\/strong><\/p>\n<ul>\n<li>Streichorchesterleitung<\/li>\n<li>Orchesteraushilfe<\/li>\n<li>Konzertt\u00e4tigkeit mit verschiedenen Ensemble<\/li>\n<li>Diverse gewonnene Preise u.a. mit Streichquartett<\/li>\n<\/ul>\n<p><a href=\"http:\/\/ppg-foerderverein.de\/wp-content\/uploads\/2018\/03\/Musikalische-Kurzvita-von-Moritz-Fentner-2.pdf\">Musikalische Kurzvita von Moritz Fentner<\/a><\/p>\n<h1><\/h1>\n<h1>Barbara Mu\u00dfler<\/h1>\n<h3><strong>Trompete<\/strong><\/h3>\n<p><a href=\"http:\/\/ppg-foerderverein.de\/wp-content\/uploads\/2018\/03\/Barbara-Mu\u00dfler-2.png\"><img loading=\"lazy\" decoding=\"async\" class=\"size-medium wp-image-1862 alignleft\" src=\"http:\/\/ppg-foerderverein.de\/wp-content\/uploads\/2018\/03\/Barbara-Mu\u00dfler-2-225x300.png\" alt=\"\" width=\"225\" height=\"300\" srcset=\"http:\/\/ppg-foerderverein.de\/wp-content\/uploads\/2018\/03\/Barbara-Mu\u00dfler-2-225x300.png 225w, http:\/\/ppg-foerderverein.de\/wp-content\/uploads\/2018\/03\/Barbara-Mu\u00dfler-2-624x832.png 624w, http:\/\/ppg-foerderverein.de\/wp-content\/uploads\/2018\/03\/Barbara-Mu\u00dfler-2.png 718w\" sizes=\"auto, (max-width: 225px) 100vw, 225px\" \/><\/a>Unterrichtet seit 2008 an der Musikschule des JGG<\/p>\n<p>Jahrgang 1980, geboren in Baden-Baden<\/p>\n<p><strong>Ausbildung<\/strong><\/p>\n<ul>\n<li>Studium an der Musikhochschule Trossingen: Diplom-Musiklehrerin f\u00fcr Trompete und Klavier<\/li>\n<li>Studium an der Musikhochschule Mannheim: Diplom K\u00fcnstlerische Ausbildung und Orchestersolist<\/li>\n<li>diverse Meisterkurse und Workshops<\/li>\n<li>Ausbildung zur Blasorchesterdirigentin<\/li>\n<\/ul>\n<p>&nbsp;<\/p>\n<p><strong>Lehrt\u00e4tigkeiten<\/strong><\/p>\n<ul>\n<li>Freischaffende Trompeterin und Musikp\u00e4dagogin an den Musikschulen Schwetzingen, Leimen, Hockenheim, Mannheim und Ludwigshafen<\/li>\n<\/ul>\n<p><strong>Sonstiges<\/strong><\/p>\n<ul>\n<li>Zahlreiche regionale und \u00fcberregionale Auftritte mit verschiedenen renomierten Orchestern, auch als Solistin<\/li>\n<li>weltweite Konzertreisen<\/li>\n<li>Fernsehauftritte<\/li>\n<li>mehrmalige Wettbewerbsteilnahmen<\/li>\n<li>Jurymitgliedschaft im Blasmusikverband Ortenau<\/li>\n<\/ul>\n<p>&nbsp;<\/p>\n","protected":false},"excerpt":{"rendered":"<p>Mark Beers Kontrabass Unterrichtet seit 2011 an der Musikschule des JGG. Jahrgang 1962, geboren in San Diego, Kalifornien (USA) Ausbildung Bachelor of Arts an der San Diego State University Bachelor of Arts an der Universit\u00e4t Heidelberg mit den Hauptf\u00e4chern Kontrabass und Deutsch als Fremdsprache Weitere Lehrt\u00e4tigkeiten St\u00e4dtische Musikschule Mannheim Sonstiges Regionale und \u00fcberregionale T\u00e4tigkeit als [&hellip;]<\/p>\n","protected":false},"author":3,"featured_media":0,"parent":1314,"menu_order":0,"comment_status":"closed","ping_status":"closed","template":"page-templates\/front-page.php","meta":{"footnotes":""},"class_list":["post-1777","page","type-page","status-publish","hentry"],"_links":{"self":[{"href":"http:\/\/ppg-foerderverein.de\/index.php?rest_route=\/wp\/v2\/pages\/1777","targetHints":{"allow":["GET"]}}],"collection":[{"href":"http:\/\/ppg-foerderverein.de\/index.php?rest_route=\/wp\/v2\/pages"}],"about":[{"href":"http:\/\/ppg-foerderverein.de\/index.php?rest_route=\/wp\/v2\/types\/page"}],"author":[{"embeddable":true,"href":"http:\/\/ppg-foerderverein.de\/index.php?rest_route=\/wp\/v2\/users\/3"}],"replies":[{"embeddable":true,"href":"http:\/\/ppg-foerderverein.de\/index.php?rest_route=%2Fwp%2Fv2%2Fcomments&post=1777"}],"version-history":[{"count":34,"href":"http:\/\/ppg-foerderverein.de\/index.php?rest_route=\/wp\/v2\/pages\/1777\/revisions"}],"predecessor-version":[{"id":3351,"href":"http:\/\/ppg-foerderverein.de\/index.php?rest_route=\/wp\/v2\/pages\/1777\/revisions\/3351"}],"up":[{"embeddable":true,"href":"http:\/\/ppg-foerderverein.de\/index.php?rest_route=\/wp\/v2\/pages\/1314"}],"wp:attachment":[{"href":"http:\/\/ppg-foerderverein.de\/index.php?rest_route=%2Fwp%2Fv2%2Fmedia&parent=1777"}],"curies":[{"name":"wp","href":"https:\/\/api.w.org\/{rel}","templated":true}]}}

<h1></h1>
<h1>Mark Beers</h1>
<h3>Kontrabass</h3>
<p><a href="http://ppg-foerderverein.de/wp-content/uploads/2018/03/Mark-Beers.jpg"><img loading="lazy" decoding="async" class=" wp-image-1781 alignleft" src="http://ppg-foerderverein.de/wp-content/uploads/2018/03/Mark-Beers-237x300.jpg" alt="" width="253" height="320" srcset="http://ppg-foerderverein.de/wp-content/uploads/2018/03/Mark-Beers-237x300.jpg 237w, http://ppg-foerderverein.de/wp-content/uploads/2018/03/Mark-Beers-624x790.jpg 624w, http://ppg-foerderverein.de/wp-content/uploads/2018/03/Mark-Beers.jpg 687w" sizes="auto, (max-width: 253px) 100vw, 253px" /></a>Unterrichtet seit 2011 an der Musikschule des JGG.</p>
<p>Jahrgang 1962, geboren in San Diego, Kalifornien (USA)</p>
<p><strong>Ausbildung</strong></p>
<ul>
<li>Bachelor of Arts an der San Diego State University</li>
<li>Bachelor of Arts an der Universität Heidelberg mit den Hauptfächern Kontrabass und Deutsch als Fremdsprache</li>
</ul>
<p><strong>Weitere Lehrtätigkeiten</strong></p>
<ul>
<li>Städtische Musikschule Mannheim</li>
</ul>
<p><strong>Sonstiges</strong></p>
<ul>
<li>Regionale und überregionale Tätigkeit als Kontrabassist in verschiedenen führenden Theatern und Sinfonieorchestern</li>
</ul>
<h1></h1>
<h1><strong>Moritz Fentner</strong></h1>
<h3>Geige und Bratsche</h3>
<p><a href="http://ppg-foerderverein.de/wp-content/uploads/2018/03/M.Fentner1-1024x682.jpg"><img loading="lazy" decoding="async" class=" wp-image-1779 alignleft" src="http://ppg-foerderverein.de/wp-content/uploads/2018/03/M.Fentner1-1024x682-300x200.jpg" alt="" width="350" height="234" srcset="http://ppg-foerderverein.de/wp-content/uploads/2018/03/M.Fentner1-1024x682-300x200.jpg 300w, http://ppg-foerderverein.de/wp-content/uploads/2018/03/M.Fentner1-1024x682-768x512.jpg 768w, http://ppg-foerderverein.de/wp-content/uploads/2018/03/M.Fentner1-1024x682.jpg 1024w, http://ppg-foerderverein.de/wp-content/uploads/2018/03/M.Fentner1-1024x682-624x416.jpg 624w" sizes="auto, (max-width: 350px) 100vw, 350px" /></a>Unterrichtet seit 2012 an der Musikschule des JGG</p>
<p>Jahrgang 1985, geboren in Rostock</p>
<p><strong>Ausbildung</strong></p>
<ul>
<li>Künstlerische Ausbildung in Rostock, Berlin und Mannheim</li>
<li>Aufbaustudiengang in Instrumentalpädagogik für Violine/Viola an der Musikhochschule Mannheim</li>
<li>diverse Meisterkurse und Meisterklassen</li>
</ul>
<p><strong>Weitere Lehrtätigkeiten</strong></p>
<ul>
<li>Betreuung und Instrumentalunterricht in 3 weiteren Streicherklassen in Rheinland-Pfalz</li>
<li>Einzelunterricht ab einem Alter von 4 Jahren</li>
<li>Unterricht für Mitglieder des Landesjugendorchesters Rheinland-Pfalz</li>
<li>Dozententätigkeit an der Musikakademie Germersheim</li>
</ul>
<p><strong>Sonstiges</strong></p>
<ul>
<li>Streichorchesterleitung</li>
<li>Orchesteraushilfe</li>
<li>Konzerttätigkeit mit verschiedenen Ensemble</li>
<li>Diverse gewonnene Preise u.a. mit Streichquartett</li>
</ul>
<p><a href="http://ppg-foerderverein.de/wp-content/uploads/2018/03/Musikalische-Kurzvita-von-Moritz-Fentner-2.pdf">Musikalische Kurzvita von Moritz Fentner</a></p>
<h1></h1>
<h1>Barbara Mußler</h1>
<h3><strong>Trompete</strong></h3>
<p><a href="http://ppg-foerderverein.de/wp-content/uploads/2018/03/Barbara-Mußler-2.png"><img loading="lazy" decoding="async" class="size-medium wp-image-1862 alignleft" src="http://ppg-foerderverein.de/wp-content/uploads/2018/03/Barbara-Mußler-2-225x300.png" alt="" width="225" height="300" srcset="http://ppg-foerderverein.de/wp-content/uploads/2018/03/Barbara-Mußler-2-225x300.png 225w, http://ppg-foerderverein.de/wp-content/uploads/2018/03/Barbara-Mußler-2-624x832.png 624w, http://ppg-foerderverein.de/wp-content/uploads/2018/03/Barbara-Mußler-2.png 718w" sizes="auto, (max-width: 225px) 100vw, 225px" /></a>Unterrichtet seit 2008 an der Musikschule des JGG</p>
<p>Jahrgang 1980, geboren in Baden-Baden</p>
<p><strong>Ausbildung</strong></p>
<ul>
<li>Studium an der Musikhochschule Trossingen: Diplom-Musiklehrerin für Trompete und Klavier</li>
<li>Studium an der Musikhochschule Mannheim: Diplom Künstlerische Ausbildung und Orchestersolist</li>
<li>diverse Meisterkurse und Workshops</li>
<li>Ausbildung zur Blasorchesterdirigentin</li>
</ul>
<p>&nbsp;</p>
<p><strong>Lehrtätigkeiten</strong></p>
<ul>
<li>Freischaffende Trompeterin und Musikpädagogin an den Musikschulen Schwetzingen, Leimen, Hockenheim, Mannheim und Ludwigshafen</li>
</ul>
<p><strong>Sonstiges</strong></p>
<ul>
<li>Zahlreiche regionale und überregionale Auftritte mit verschiedenen renomierten Orchestern, auch als Solistin</li>
<li>weltweite Konzertreisen</li>
<li>Fernsehauftritte</li>
<li>mehrmalige Wettbewerbsteilnahmen</li>
<li>Jurymitgliedschaft im Blasmusikverband Ortenau</li>
</ul>
<p>&nbsp;</p>

<p>Mark Beers Kontrabass Unterrichtet seit 2011 an der Musikschule des JGG. Jahrgang 1962, geboren in San Diego, Kalifornien (USA) Ausbildung Bachelor of Arts an der San Diego State University Bachelor of Arts an der Universität Heidelberg mit den Hauptfächern Kontrabass und Deutsch als Fremdsprache Weitere Lehrtätigkeiten Städtische Musikschule Mannheim Sonstiges Regionale und überregionale Tätigkeit als [&hellip;]</p>
