{"id":1340,"date":"2018-03-14T21:57:59","date_gmt":"2018-03-14T21:57:59","guid":{"rendered":"http:\/\/ppg-foerderverein.de\/?page_id=1340"},"modified":"2018-10-28T17:37:02","modified_gmt":"2018-10-28T17:37:02","slug":"ab-2011","status":"publish","type":"page","link":"http:\/\/ppg-foerderverein.de\/?page_id=1340","title":{"rendered":"ab 2011"},"content":{"rendered":"<p><a href=\"http:\/\/ppg-foerderverein.de\/wp-content\/uploads\/2018\/10\/2018-10-14-Herbstausflug-Rei\u00dfinsel.pdf\">2018 F\u00f6V Herbstausflug auf die Rei\u00dfinsel<\/a><\/p>\n<p><a href=\"http:\/\/ppg-foerderverein.de\/wp-content\/uploads\/2018\/07\/2018-Sommerfest.pdf\">2018 Sommerfest<\/a><\/p>\n<p><a href=\"http:\/\/ppg-foerderverein.de\/wp-content\/uploads\/2018\/02\/2017-Auf-den-Spuren-der-Geissmars.docx.pdf\">2017 F\u00f6V Kulturausflug &#8222;Auf den Spuren der Geissmars&#8220; in Mannheim<\/a><\/p>\n<p><a href=\"http:\/\/ppg-foerderverein.de\/wp-content\/uploads\/2018\/01\/2016-F\u00f6V-Vorstand.pdf\">2016 F\u00f6V Vorstand<\/a><\/p>\n<p><a href=\"http:\/\/ppg-foerderverein.de\/wp-content\/uploads\/2018\/02\/2015-Projekt-Rhythmus-liegt-in-der-Luft.pptx.pdf\">2015 Projekt Rhythmus liegt in der Luft<\/a><\/p>\n<p><a href=\"http:\/\/ppg-foerderverein.de\/wp-content\/uploads\/2018\/01\/2015-2016-Selbstbehauptungskurse.docx.pdf\">2015\/16 Selbstbehauptungskurse f\u00fcr Sch\u00fclerinnen<\/a><\/p>\n<p><a href=\"http:\/\/ppg-foerderverein.de\/wp-content\/uploads\/2018\/01\/2012-F\u00f6V-Ausflug-ins-Technoseum.pdf\">2012 F\u00f6V Kulturausflug ins Technoseum &#8211; Ausstellung &#8222;Unser t\u00e4glich Brot&#8220;<\/a><\/p>\n<p><a href=\"http:\/\/ppg-foerderverein.de\/wp-content\/uploads\/2018\/01\/2011-Vortr\u00e4ge-\u00fcber-Sch\u00fcleraustauschprogramme.pdf\">2011 Vortr\u00e4ge \u00fcber Sch\u00fcleraustauschprogramme<\/a><\/p>\n<p><a href=\"http:\/\/ppg-foerderverein.de\/wp-content\/uploads\/2018\/01\/2011-F\u00f6V-Herbstausflug-nach-Edenkoben.docx.pdf\">2011 F\u00f6V Herbstausflug nach Edenkoben<\/a><\/p>\n","protected":false},"excerpt":{"rendered":"<p>2018 F\u00f6V Herbstausflug auf die Rei\u00dfinsel 2018 Sommerfest 2017 F\u00f6V Kulturausflug &#8222;Auf den Spuren der Geissmars&#8220; in Mannheim 2016 F\u00f6V Vorstand 2015 Projekt Rhythmus liegt in der Luft 2015\/16 Selbstbehauptungskurse f\u00fcr Sch\u00fclerinnen 2012 F\u00f6V Kulturausflug ins Technoseum &#8211; Ausstellung &#8222;Unser t\u00e4glich Brot&#8220; 2011 Vortr\u00e4ge \u00fcber Sch\u00fcleraustauschprogramme 2011 F\u00f6V Herbstausflug nach Edenkoben<\/p>\n","protected":false},"author":3,"featured_media":0,"parent":438,"menu_order":0,"comment_status":"closed","ping_status":"closed","template":"page-templates\/front-page.php","meta":{"footnotes":""},"class_list":["post-1340","page","type-page","status-publish","hentry"],"_links":{"self":[{"href":"http:\/\/ppg-foerderverein.de\/index.php?rest_route=\/wp\/v2\/pages\/1340","targetHints":{"allow":["GET"]}}],"collection":[{"href":"http:\/\/ppg-foerderverein.de\/index.php?rest_route=\/wp\/v2\/pages"}],"about":[{"href":"http:\/\/ppg-foerderverein.de\/index.php?rest_route=\/wp\/v2\/types\/page"}],"author":[{"embeddable":true,"href":"http:\/\/ppg-foerderverein.de\/index.php?rest_route=\/wp\/v2\/users\/3"}],"replies":[{"embeddable":true,"href":"http:\/\/ppg-foerderverein.de\/index.php?rest_route=%2Fwp%2Fv2%2Fcomments&post=1340"}],"version-history":[{"count":10,"href":"http:\/\/ppg-foerderverein.de\/index.php?rest_route=\/wp\/v2\/pages\/1340\/revisions"}],"predecessor-version":[{"id":3570,"href":"http:\/\/ppg-foerderverein.de\/index.php?rest_route=\/wp\/v2\/pages\/1340\/revisions\/3570"}],"up":[{"embeddable":true,"href":"http:\/\/ppg-foerderverein.de\/index.php?rest_route=\/wp\/v2\/pages\/438"}],"wp:attachment":[{"href":"http:\/\/ppg-foerderverein.de\/index.php?rest_route=%2Fwp%2Fv2%2Fmedia&parent=1340"}],"curies":[{"name":"wp","href":"https:\/\/api.w.org\/{rel}","templated":true}]}}

<p><a href="http://ppg-foerderverein.de/wp-content/uploads/2018/10/2018-10-14-Herbstausflug-Reißinsel.pdf">2018 FöV Herbstausflug auf die Reißinsel</a></p>
<p><a href="http://ppg-foerderverein.de/wp-content/uploads/2018/07/2018-Sommerfest.pdf">2018 Sommerfest</a></p>
<p><a href="http://ppg-foerderverein.de/wp-content/uploads/2018/02/2017-Auf-den-Spuren-der-Geissmars.docx.pdf">2017 FöV Kulturausflug &#8222;Auf den Spuren der Geissmars&#8220; in Mannheim</a></p>
<p><a href="http://ppg-foerderverein.de/wp-content/uploads/2018/01/2016-FöV-Vorstand.pdf">2016 FöV Vorstand</a></p>
<p><a href="http://ppg-foerderverein.de/wp-content/uploads/2018/02/2015-Projekt-Rhythmus-liegt-in-der-Luft.pptx.pdf">2015 Projekt Rhythmus liegt in der Luft</a></p>
<p><a href="http://ppg-foerderverein.de/wp-content/uploads/2018/01/2015-2016-Selbstbehauptungskurse.docx.pdf">2015/16 Selbstbehauptungskurse für Schülerinnen</a></p>
<p><a href="http://ppg-foerderverein.de/wp-content/uploads/2018/01/2012-FöV-Ausflug-ins-Technoseum.pdf">2012 FöV Kulturausflug ins Technoseum &#8211; Ausstellung &#8222;Unser täglich Brot&#8220;</a></p>
<p><a href="http://ppg-foerderverein.de/wp-content/uploads/2018/01/2011-Vorträge-über-Schüleraustauschprogramme.pdf">2011 Vorträge über Schüleraustauschprogramme</a></p>
<p><a href="http://ppg-foerderverein.de/wp-content/uploads/2018/01/2011-FöV-Herbstausflug-nach-Edenkoben.docx.pdf">2011 FöV Herbstausflug nach Edenkoben</a></p>

<p>2018 FöV Herbstausflug auf die Reißinsel 2018 Sommerfest 2017 FöV Kulturausflug &#8222;Auf den Spuren der Geissmars&#8220; in Mannheim 2016 FöV Vorstand 2015 Projekt Rhythmus liegt in der Luft 2015/16 Selbstbehauptungskurse für Schülerinnen 2012 FöV Kulturausflug ins Technoseum &#8211; Ausstellung &#8222;Unser täglich Brot&#8220; 2011 Vorträge über Schüleraustauschprogramme 2011 FöV Herbstausflug nach Edenkoben</p>
