{"id":1330,"date":"2018-03-14T21:50:22","date_gmt":"2018-03-14T21:50:22","guid":{"rendered":"http:\/\/ppg-foerderverein.de\/?page_id=1330"},"modified":"2018-08-06T09:45:21","modified_gmt":"2018-08-06T09:45:21","slug":"1974-1980","status":"publish","type":"page","link":"http:\/\/ppg-foerderverein.de\/?page_id=1330","title":{"rendered":"1974 &#8211; 1980"},"content":{"rendered":"<p><a href=\"http:\/\/ppg-foerderverein.de\/wp-content\/uploads\/2018\/01\/1980-F\u00f6V-Herbstwanderung-in-der-S\u00fcdwestpfalz.pdf\">1980 F\u00f6V Herbstwanderung in der S\u00fcdwestpfalz<\/a><\/p>\n<p><a href=\"http:\/\/ppg-foerderverein.de\/wp-content\/uploads\/2018\/02\/1977-Schulball-im-Franziskushaus.pdf\">1977 Schulball im Franziskushaus<\/a><\/p>\n<p><a href=\"http:\/\/ppg-foerderverein.de\/wp-content\/uploads\/2018\/03\/1976-Herbstwanderung-St.-Martin-Kropsburg.pdf\">1976 F\u00f6V Herbstwanderung bei St. Martin &#8211; Kropsburg<\/a><\/p>\n<p><a href=\"http:\/\/ppg-foerderverein.de\/wp-content\/uploads\/2018\/02\/1975-Wanderung-zum-Dilsberg.docx.pdf\">1975 F\u00f6V Wanderung zum Dilsberg<\/a><\/p>\n<p><a href=\"http:\/\/ppg-foerderverein.de\/wp-content\/uploads\/2018\/01\/1974-Gr\u00fcndungsversammlung.docx.pdf\">1974 F\u00f6V Gr\u00fcndungsversammlung<\/a><\/p>\n","protected":false},"excerpt":{"rendered":"<p>1980 F\u00f6V Herbstwanderung in der S\u00fcdwestpfalz 1977 Schulball im Franziskushaus 1976 F\u00f6V Herbstwanderung bei St. Martin &#8211; Kropsburg 1975 F\u00f6V Wanderung zum Dilsberg 1974 F\u00f6V Gr\u00fcndungsversammlung<\/p>\n","protected":false},"author":3,"featured_media":0,"parent":438,"menu_order":0,"comment_status":"closed","ping_status":"closed","template":"page-templates\/front-page.php","meta":{"footnotes":""},"class_list":["post-1330","page","type-page","status-publish","hentry"],"_links":{"self":[{"href":"http:\/\/ppg-foerderverein.de\/index.php?rest_route=\/wp\/v2\/pages\/1330","targetHints":{"allow":["GET"]}}],"collection":[{"href":"http:\/\/ppg-foerderverein.de\/index.php?rest_route=\/wp\/v2\/pages"}],"about":[{"href":"http:\/\/ppg-foerderverein.de\/index.php?rest_route=\/wp\/v2\/types\/page"}],"author":[{"embeddable":true,"href":"http:\/\/ppg-foerderverein.de\/index.php?rest_route=\/wp\/v2\/users\/3"}],"replies":[{"embeddable":true,"href":"http:\/\/ppg-foerderverein.de\/index.php?rest_route=%2Fwp%2Fv2%2Fcomments&post=1330"}],"version-history":[{"count":5,"href":"http:\/\/ppg-foerderverein.de\/index.php?rest_route=\/wp\/v2\/pages\/1330\/revisions"}],"predecessor-version":[{"id":3458,"href":"http:\/\/ppg-foerderverein.de\/index.php?rest_route=\/wp\/v2\/pages\/1330\/revisions\/3458"}],"up":[{"embeddable":true,"href":"http:\/\/ppg-foerderverein.de\/index.php?rest_route=\/wp\/v2\/pages\/438"}],"wp:attachment":[{"href":"http:\/\/ppg-foerderverein.de\/index.php?rest_route=%2Fwp%2Fv2%2Fmedia&parent=1330"}],"curies":[{"name":"wp","href":"https:\/\/api.w.org\/{rel}","templated":true}]}}