{"id":1326,"date":"2018-03-14T21:36:41","date_gmt":"2018-03-14T21:36:41","guid":{"rendered":"http:\/\/ppg-foerderverein.de\/?page_id=1326"},"modified":"2025-08-01T08:05:00","modified_gmt":"2025-08-01T08:05:00","slug":"formulare-und-schulordnung-der-musikschule","status":"publish","type":"page","link":"http:\/\/ppg-foerderverein.de\/?page_id=1326","title":{"rendered":"Aktuelle Formulare und Schulordnung der Musikschule"},"content":{"rendered":"<p>&nbsp;<\/p>\n<p><a href=\"http:\/\/ppg-foerderverein.de\/wp-content\/uploads\/2025\/08\/Anmeldung-MS_2025.pdf\">Anmeldeformular Instrumentalunterricht f\u00fcr <strong>Bl\u00e4ser<\/strong> ab Klasse 7<\/a><\/p>\n<p><a href=\"http:\/\/ppg-foerderverein.de\/wp-content\/uploads\/2025\/08\/Anmeldung-STR_2025.pdf\">Anmeldeformular Instrumentalunterricht f\u00fcr <strong>Streicher<\/strong> ab Klasse 7<\/a><\/p>\n<p><a href=\"http:\/\/ppg-foerderverein.de\/wp-content\/uploads\/2025\/08\/MS-Schulordnung-ab-09.2025.pdf\">Schulordnung der Musikschule (ab Schuljahr 2025\/26)<\/a><\/p>\n","protected":false},"excerpt":{"rendered":"<p>&nbsp; Anmeldeformular Instrumentalunterricht f\u00fcr Bl\u00e4ser ab Klasse 7 Anmeldeformular Instrumentalunterricht f\u00fcr Streicher ab Klasse 7 Schulordnung der Musikschule (ab Schuljahr 2025\/26)<\/p>\n","protected":false},"author":3,"featured_media":0,"parent":1314,"menu_order":0,"comment_status":"closed","ping_status":"closed","template":"page-templates\/front-page.php","meta":{"footnotes":""},"class_list":["post-1326","page","type-page","status-publish","hentry"],"_links":{"self":[{"href":"http:\/\/ppg-foerderverein.de\/index.php?rest_route=\/wp\/v2\/pages\/1326","targetHints":{"allow":["GET"]}}],"collection":[{"href":"http:\/\/ppg-foerderverein.de\/index.php?rest_route=\/wp\/v2\/pages"}],"about":[{"href":"http:\/\/ppg-foerderverein.de\/index.php?rest_route=\/wp\/v2\/types\/page"}],"author":[{"embeddable":true,"href":"http:\/\/ppg-foerderverein.de\/index.php?rest_route=\/wp\/v2\/users\/3"}],"replies":[{"embeddable":true,"href":"http:\/\/ppg-foerderverein.de\/index.php?rest_route=%2Fwp%2Fv2%2Fcomments&post=1326"}],"version-history":[{"count":12,"href":"http:\/\/ppg-foerderverein.de\/index.php?rest_route=\/wp\/v2\/pages\/1326\/revisions"}],"predecessor-version":[{"id":4289,"href":"http:\/\/ppg-foerderverein.de\/index.php?rest_route=\/wp\/v2\/pages\/1326\/revisions\/4289"}],"up":[{"embeddable":true,"href":"http:\/\/ppg-foerderverein.de\/index.php?rest_route=\/wp\/v2\/pages\/1314"}],"wp:attachment":[{"href":"http:\/\/ppg-foerderverein.de\/index.php?rest_route=%2Fwp%2Fv2%2Fmedia&parent=1326"}],"curies":[{"name":"wp","href":"https:\/\/api.w.org\/{rel}","templated":true}]}}

<p>&nbsp;</p>
<p><a href="http://ppg-foerderverein.de/wp-content/uploads/2025/08/Anmeldung-MS_2025.pdf">Anmeldeformular Instrumentalunterricht für <strong>Bläser</strong> ab Klasse 7</a></p>
<p><a href="http://ppg-foerderverein.de/wp-content/uploads/2025/08/Anmeldung-STR_2025.pdf">Anmeldeformular Instrumentalunterricht für <strong>Streicher</strong> ab Klasse 7</a></p>
<p><a href="http://ppg-foerderverein.de/wp-content/uploads/2025/08/MS-Schulordnung-ab-09.2025.pdf">Schulordnung der Musikschule (ab Schuljahr 2025/26)</a></p>

<p>&nbsp; Anmeldeformular Instrumentalunterricht für Bläser ab Klasse 7 Anmeldeformular Instrumentalunterricht für Streicher ab Klasse 7 Schulordnung der Musikschule (ab Schuljahr 2025/26)</p>
